 prime factors of 198860362.
2, 2141, 46441
List the prime factors of 70320187.
7, 10045741
What are the prime factors of 23502805?
5, 31, 151631
What are the prime factors of 23682787?
4027, 5881
What are the prime factors of 1464983936?
2, 13, 67723
List the prime factors of 117213495.
3, 5, 7, 1116319
What are the prime factors of 69867684?
2, 3, 223, 967
What are the prime factors of 230976255?
3, 5, 19, 810443
List the prime factors of 358871236.
2, 89717809
What are the prime factors of 197533807?
97, 181, 11251
List the prime factors of 1015643109.
3, 13, 26042131
List the prime factors of 385976553.
3, 128658851
List the prime factors of 269597247.
3, 61, 103, 14303
What are the prime factors of 1011028754?
2, 1783, 283519
What are the prime factors of 280577290?
2, 5, 7, 37, 127, 853
What are the prime factors of 2729354?
2, 1364677
What are the prime factors of 2578222184?
2, 322277773
List the prime factors of 181499851.
13, 67, 191, 1091
List the prime factors of 421104141.
3, 37, 1264577
List the prime factors of 111420268.
2, 47, 592661
What are the prime factors of 108734679?
3, 12081631
List the prime factors of 94142849.
94142849
List the prime factors of 73899256.
2, 97, 95231
List the prime factors of 2618316541.
2618316541
List the prime factors of 462376977.
3, 4723, 32633
List the prime factors of 1037042828.
2, 259260707
What are the prime factors of 1649576659?
2003, 823553
List the prime factors of 2893344023.
2893344023
List the prime factors of 28306049.
1433, 19753
What are the prime factors of 8021057?
11, 729187
What are the prime factors of 14428485?
3, 5, 31, 10343
List the prime factors of 36609273.
3, 53, 25583
What are the prime factors of 174792319?
13, 79, 170197
What are the prime factors of 171301566?
2, 3, 103, 109, 2543
List the prime factors of 2255168884.
2, 43, 797, 16451
What are the prime factors of 13714446?
2, 3, 2285741
What are the prime factors of 271413660?
2, 3, 5, 7, 131, 4933
List the prime factors of 23440879.
7, 11, 293, 1039
List the prime factors of 130238070.
2, 3, 5, 4341269
List the prime factors of 175322990.
2, 5, 1493, 11743
What are the prime factors of 316607069?
83, 3814543
What are the prime factors of 150301170?
2, 3, 5, 185557
List the prime factors of 1203726069.
3, 7, 13, 37, 13241
List the prime factors of 4491849885.
3, 5, 229, 1307671
List the prime factors of 117830617.
5261, 22397
List the prime factors of 187858355.
5, 37571671
List the prime factors of 3005261024.
2, 31, 263, 11519
List the prime factors of 223812324.
2, 3, 19, 327211
List the prime factors of 73745766.
2, 3, 211, 19417
What are the prime factors of 4054549133?
37, 109582409
What are the prime factors of 150306686?
2, 191, 393473
List the prime factors of 108217526.
2, 37, 1462399
What are the prime factors of 15062276?
2, 3765569
What are the prime factors of 41686828?
2, 10421707
List the prime factors of 203289848.
2, 1361, 18671
What are the prime factors of 31169058?
2, 3, 17, 431, 709
List the prime factors of 652577769.
3, 37, 313, 2087
List the prime factors of 251977723.
17, 29, 511111
What are the prime factors of 3102904529?
313, 9913433
List the prime factors of 249744450.
2, 3, 5, 17, 37, 2647
List the prime factors of 124013755.
5, 823, 30137
List the prime factors of 53231692.
2, 17, 19, 41201
List the prime factors of 6305658560.
2, 5, 1433, 13751
What are the prime factors of 126784810?
2, 5, 17, 29, 25717
What are the prime factors of 279647421?
3, 433, 215279
What are the prime factors of 59111984?
2, 3694499
List the prime factors of 1444972154.
2, 17, 19, 29, 137, 563
What are the prime factors of 32742483?
3, 101, 108061
List the prime factors of 20950387.
4201, 4987
List the prime factors of 148947728.
2, 587, 15859
What are the prime factors of 50340809?
239, 210631
What are the prime factors of 45071842?
2, 179, 125899
List the prime factors of 1260178578.
2, 3, 2693, 25997
What are the prime factors of 32481094?
2, 16240547
List the prime factors of 16169804.
2, 7, 82499
List the prime factors of 267753363.
3, 463, 192767
List the prime factors of 60781887.
3, 241, 9341
What are the prime factors of 1281101124?
2, 3, 106758427
What are the prime factors of 1237425969?
3, 13, 29, 1094099
List the prime factors of 881256811.
53, 16627487
List the prime factors of 59838352.
2, 7, 41, 83, 157
What are the prime factors of 73009879?
367, 198937
List the prime factors of 14861054.
2, 13, 571579
What are the prime factors of 1287668438?
2, 7, 91976317
What are the prime factors of 21715288?
2, 7, 89, 4357
List the prime factors of 39560389.
11, 157, 22907
What are the prime factors of 233409516?
2, 3, 29, 433, 1549
What are the prime factors of 51267587?
7, 7323941
List the prime factors of 764228331.
3, 67, 422459
What are the prime factors of 191485761?
3, 499, 127913
List the prime factors of 48954371.
48954371
What are the prime factors of 44343261?
3, 107, 15349
List the prime factors of 40967649.
3, 1279, 3559
What are the prime factors of 1267657890?
2, 3, 5, 31, 107, 12739
List the prime factors of 84105860.
2, 5, 347, 12119
What are the prime factors of 8352116?
2, 29, 89, 809
List the prime factors of 90410931.
3, 13, 179, 1439
What are the prime factors of 1326685877?
11, 53, 2275619
List the prime factors of 29431108.
2, 7, 151, 6961
List the prime factors of 81807627.
3, 11, 2479019
List the prime factors of 5503448.
2, 687931
What are the prime factors of 3448295228?
2, 7, 29, 251, 2417
What are the prime factors of 22378996?
2, 5594749
What are the prime factors of 1174644065?
5, 7, 2731, 12289
List the prime factors of 2587670495.
5, 20143, 25693
List the prime factors of 49993857.
3, 2333, 2381
What are the prime factors of 183495973?
449, 408677
List the prime factors of 644575465.
5, 128915093
List the prime factors of 3991172343.
3, 367, 3625043
What are the prime factors of 401793033?
3, 4363, 30697
What are the prime factors of 260426298?
2, 3, 11, 17, 232109
What are the prime factors of 120341548?
2, 30085387
What are the prime factors of 1393157229?
3, 2729, 170167
List the prime factors of 972162368.
2, 61, 249017
What are the prime factors of 43629564?
2, 3, 11, 103, 3209
What are the prime factors of 119605980?
2, 3, 5, 13, 23, 59, 113
What are the prime factors of 811302387?
3, 7, 937, 41231
List the prime factors of 79616944.
2, 11, 547, 827
List the prime factors of 12087540.
2, 3, 5, 67153
List the prime factors of 380533715.
5, 37, 109, 113, 167
What are the prime factors of 311485567?
311485567
What are the prime factors of 370012795?
5, 74002559
What are the prime factors of 2006851855?
5, 401370371
What are the prime factors of 3655857641?
79, 197, 234907
List the prime factors of 1601795263.
463, 3459601
List the prime factors of 1234365135.
3, 5, 29, 97849
What are the prime factors of 1112863860?
2, 3, 5, 17, 2377
List the prime factors of 391834441.
47, 881, 9463
List the prime factors of 935687397.
3, 311895799
What are the prime factors of 153692457?
3, 149, 343831
List the prime factors of 31664430.
2, 3, 5, 7, 50261
List the prime factors of 7006156878.
2, 3, 7, 521, 320179
List the prime factors of 197413067.
1663, 118709
List the prime factors of 228175206.
2, 3, 7, 5432743
What are the prime factors of 1126761920?
2, 5, 3521131
List the prime factors of 17731408.
2, 17, 19, 47, 73
What are the prime factors of 1203063325?
5, 37, 1300609
What are the prime factors of 365699153?
365699153
List the prime factors of 84218538.
2, 3, 14036423
What are the prime factors of 2384919413?
2384919413
List the prime factors of 6631995231.
3, 83, 2959391
List the prime factors of 4231298217.
3, 1410432739
List the prime factors of 5313711034.
2, 2381, 1115857
What are the prime factors of 5924045667?
3, 1974681889
What are the prime factors of 377609028?
2, 3, 31467419
List the prime factors of 928000701.
3, 617, 167117
List the prime factors of 3962291.
271, 14621
List the prime factors of 4084013731.
7, 41, 2032859
List the prime factors of 150697179.
3, 53, 11701
List the prime factors of 390102376.
2, 19, 135077
List the prime factors of 37796556.
2, 3, 7, 449959
What are the prime factors of 16370577?
3, 941, 1933
List the prime factors 